t s(j) = -3*j + 8. Determine s(-2).
14
Let m(p) = -p**2 - 6*p + 3. Give m(-7).
-4
Let m(p) = -14*p**2 - 6*p + 5. What is m(3)?
-139
Let t(d) = -12*d**3 + 2*d**2 - d. What is t(1)?
-11
Let p(i) = i**3 + 3*i**2 - 7*i - 3. Give p(-5).
-18
Let f(z) = z**2 + 16*z - 71. Calculate f(-19).
-14
Let k(o) = -o**3 - 3*o**2 - 2*o + 5. What is k(-4)?
29
Let d(s) = -s**3 + 7*s**2 - 7*s + 11. Determine d(6).
5
Let a(s) = s**2 + 8*s. Give a(-13).
65
Let y(q) = -q**2 - 7*q - 26. Give y(-9).
-44
Let y(j) = -2*j**3 + 11*j**2 + 10*j - 7. Determine y(6).
17
Let v(u) = 9*u - 55. Determine v(17).
98
Let b(a) = 2*a**2 + 9*a - 61. Determine b(-8).
-5
Let f(h) = 5*h - 67. Determine f(15).
8
Let m(k) = -k**3 - 8*k**2 - 8*k. Determine m(-6).
-24
Let m(v) = v**2 - 9*v - 27. Determine m(12).
9
Let q(o) = -3*o**2 - 64*o + 15. Give q(-22).
-29
Let z(g) = 6*g**2 + 57*g + 40. Determine z(-9).
13
Let q(t) = -t**3 - 18*t**2 - 2*t - 31. Give q(-18).
5
Let o(c) = c**2 - 5*c - 2. Calculate o(6).
4
Let b(v) = 14*v**2 - 50*v + 3. Determine b(3).
-21
Let l(b) = 2*b**3 - 29*b**2 + 12*b + 28. Give l(14).
0
Let r(i) = 18*i + 212. Determine r(-12).
-4
Let n(k) = k**2 - 55*k + 414. Give n(46).
0
Let b(i) = -2*i**2 - 7*i - 7. Give b(-7).
-56
Let g(z) = z**2 - z - 19. Give g(0).
-19
Let l(s) = 7*s + 8. Give l(-6).
-34
Let u(k) = k - 18. Give u(18).
0
Let c(h) = -h**3 - 9*h**2 - 9*h - 5. Give c(-6).
-59
Let d(u) = -u**3 + 5*u**2 + 3*u - 9. Determine d(4).
19
Let u(t) = t**2 - 25*t + 2. Calculate u(25).
2
Let i(c) = -c**2 + 6*c + 5. Give i(5).
10
Let w(h) = -h - 4. Determine w(-6).
2
Let q(x) = -x**3 - 15*x**2 - 15*x - 8. What is q(-14)?
6
Let a(h) = h**3 - 2*h**2 - 7*h - 16. What is a(-2)?
-18
Let r(p) = -8*p - 249. Calculate r(-30).
-9
Let z(p) = p**2 + 6*p - 3. What is z(4)?
37
Let x(h) = -69*h**3 - 4*h**2 + h + 2. Calculate x(-1).
66
Let p(k) = -3*k**3 - 113*k**2 + 37*k - 44. Determine p(-38).
-6
Let r(s) = -32*s + 60. Give r(2).
-4
Let g(n) = -2*n + 15. Calculate g(0).
15
Let v(n) = n**3 + 8*n**2 - 3*n - 10. Calculate v(-6).
80
Let n(v) = -v - 19. What is n(12)?
-31
Let v(s) = s**3 + 7*s**2 + 3*s + 1. What is v(-7)?
-20
Let u(l) = l**2 + 8*l + 11. Give u(-7).
4
Let k(f) = 2*f**2 - 7*f - 16. Determine k(-2).
6
Let y(u) = -u - 9. What is y(-8)?
-1
Let f(v) = v**3 + 6*v**2 + 13*v + 8. Give f(-3).
-4
Let f(s) = 2*s + 19. Calculate f(-7).
5
Let j(q) = 8*q + 19. What is j(-3)?
-5
Let q(b) = 4*b + 15. What is q(-6)?
-9
Let q(b) = -32*b + 627. Determine q(19).
19
Let n(r) = -6*r - 34. What is n(-7)?
8
Let d(v) = 8*v**3 - v**2 - 2*v + 5. Give d(2).
61
Let w(z) = z - 19. Give w(16).
-3
Let r(z) = z**2 + 8*z + 9. What is r(-4)?
-7
Let f(d) = 2*d**2 - 16*d - 2. Give f(7).
-16
Let r(g) = -3*g. Give r(5).
-15
Let v(o) = -3*o - 7. Calculate v(-6).
11
Let d(k) = -2*k**3 - 7*k**2 - k. Give d(-3).
-6
Let o(g) = g + 18. What is o(24)?
42
Let z(y) = -y**3 + 5*y**2 - y - 1. Determine z(4).
11
Let c(o) = -o**2 + 19*o + 26. What is c(20)?
6
Let i(u) = -5*u**2 - 3*u - 3. Calculate i(-1).
-5
Let f(i) = 2*i**2 - 12*i + 7. Give f(5).
-3
Let a(l) = 2*l - 16. What is a(11)?
6
Let a(o) = 13*o**3 + 10*o - 10. Determine a(1).
13
Let j(f) = f**3 + 11*f**2 - 14*f - 17. Give j(-12).
7
Let x(w) = -w**3 - w - 2. Determine x(-1).
0
Let i(y) = 20*y - 96. What is i(6)?
24
Let p(r) = r**2 - 12*r + 15. Calculate p(10).
-5
Let q(a) = -13*a - 292. Give q(-22).
-6
Let l(r) = r**3 - 9*r**2 + 7*r + 7. Calculate l(8).
-1
Let r(o) = o**3 + 12*o**2 + 21*o + 17. Give r(-10).
7
Let h(j) = j**2 - j + 21. Give h(0).
21
Let l(a) = a**3 + 6*a**2 + 3*a - 8. Give l(-2).
2
Let b(o) = -8*o**2 - 5*o + 2. Calculate b(2).
-40
Let q(i) = -5*i - 116. What is q(-26)?
14
Let x(u) = u**2 - 9*u - 6. Calculate x(9).
-6
Let f(b) = -b**3 - 11*b**2 - 9*b - 6. Calculate f(-10).
-16
Let m(u) = 18*u**2 - u. Give m(1).
17
Let w(f) = -15*f + 160. Determine w(11).
-5
Let m(k) = -k**3 - 5*k**2 + 2*k + 1. Determine m(-3).
-23
Let h(f) = -f - 9. Give h(6).
-15
Let j(m) = m**3 - 71*m**2 + 73*m - 214. Determine j(70).
-4
Let i(j) = j**3 + 5*j**2 + 2*j - 5. What is i(-3)?
7
Let k(q) = -q**3 - 8*q**2 + 24*q + 17. Give k(-10).
-23
Let j(m) = 19*m - 1. Calculate j(2).
37
Let y(f) = -2*f**3 - 10*f**2 + 52*f + 246. Calculate y(-6).
6
Let a(l) = -65*l + 337. Determine a(5).
12
Let o(f) = -f**2 + 12*f + 19. Calculate o(14).
-9
Let k(o) = 3*o**2 - 32*o + 24. Give k(10).
4
Let m(d) = -d**3 + 9*d**2 + 18*d - 36. Determine m(10).
44
Let l(p) = 45*p + 6. Determine l(-1).
-39
Let z(g) = -g**2 + 2*g + 10. Calculate z(6).
-14
Let p(o) = -o**3 + 2*o**2 - 3*o + 10. What is p(3)?
-8
Let p(l) = l**2 - 4*l + 22. Determine p(6).
34
Let i(k) = k**2 - 6*k + 8. What is i(4)?
0
Let p(b) = 26*b + 2. Give p(1).
28
Let v(d) = -3*d**2 - 7*d + 1. Give v(1).
-9
Let i(r) = r**2 - r - 18. What is i(-4)?
2
Let n(p) = 4*p + 143. What is n(-40)?
-17
Let o(s) = -s**3 + 3*s**2 - 5*s + 4. Calculate o(5).
-71
Let c(m) = -m**3 + 11*m**2 - 3*m + 49. What is c(11)?
16
Let o(n) = -11*n - 58. Calculate o(-7).
19
Let g(n) = -2*n + 19. Give g(16).
-13
Let r(k) = k**3 + 30*k**2 + 2*k + 60. What is r(-30)?
0
Let s(m) = -m**3 - 4*m**2 - 5*m - 10. Give s(-4).
10
Let n(j) = -3*j. Give n(-3).
9
Let u(n) = -n**2 + 39*n - 67. Give u(37).
7
Let m(g) = g**3 + 14*g**2 - 2*g - 17. What is m(-14)?
11
Let z(s) = 2*s + 2. What is z(-4)?
-6
Let j(r) = r**2 + 9*r - 3. Calculate j(-9).
-3
Let o(u) = -2*u - 5. Give o(0).
-5
Let n(c) = -c**3 + 22*c**2 + 2*c + 28. Give n(22).
72
Let v(n) = -4*n - 17. Determine v(-6).
7
Let l(a) = 35*a + 7. Give l(-4).
-133
Let p(v) = v**3 - 5*v**2 - 2*v - 1. What is p(5)?
-11
Let y(c) = -c + 8. What is y(7)?
1
Let p(m) = -m**2 + 4*m - 2. What is p(7)?
-23
Let u(z) = -z**3 + 4*z**2 + 21*z - 9. What is u(7)?
-9
Let j(p) = 17*p**2 + 1. Calculate j(-1).
18
Let f(i) = -83*i - 218. What is f(-3)?
31
Let k(z) = -z**2 - 15*z - 4. Calculate k(-16).
-20
Let c(t) = 98*t + 1. Give c(1).
99
Let l(c) = c**3 - 14*c**2 + 3*c - 34. What is l(14)?
8
Let x(a) = -24*a - 5. Determine x(4).
-101
Let r(c) = -3*c**2 - 12*c - 3. Determine r(-2).
9
Let u(g) = -g**2 - 13*g + 29. What is u(-15)?
-1
Let v(p) = -p**3 + 2*p**2 - 4*p + 2. What is v(2)?
-6
Let u(j) = -j**3 - 17*j**2 + 40*j + 27. What is u(-19)?
-11
Let j(d) = 6*d - 12. Calculate j(6).
24
Let t(c) = -2*c**3 - c**2 + 11*c - 3. What is t(-5)?
167
Let s(d) = d**2 - 10*d + 7. Give s(8).
-9
Let j(s) = s**3 - 11*s**2 - 4*s - 3. Calculate j(11).
-47
Let y(d) = -d**2 + 11*d - 17. Give y(9).
1
Let y(h) = -27*h + 814. What is y(30)?
4
Let a(q) = q**3 + 10*q**2 + 17*q + 17. Calculate a(-8).
9
Let r(d) = 64*d - 119. What is r(2)?
9
Let t(b) = 24*b - 220. Give t(7).
-52
Let l(x) = x**3 - 11*x**2 - 2*x + 2. Determine l(11).
-20
Let t(h) = -h**3 - 7*h**2 - 3*h + 3. Determine t(-6).
-15
Let i(u) = u**3 + 4*u**2 + 3*u + 7. What is i(-3)?
7
Let r(p) = p**2 - 13*p - 32. Give r(15).
-2
Let s(r) = 31*r - 39. Calculate s(9).
240
Let t(m) = 6*m + 31. Calculate t(-6).
-5
Let s(x) = -2*x**3 - x**2 + 10*x - 7. What is s(3)?
-40
Let o(v) = v**2 + 16*v + 33. Give o(-14).
5
Let q(o) = o**3 + 10*o**2 + 22*o + 11. What is q(-7)?
4
Let r(c) = 59*c - 235. Calculate r(4).
1
Let g(q) = -q**2 - 14*q - 24. Calculate g(-10).
16
Let g(j) = -j**3 + 10*j**2 + 15*j - 2. What is g(11)?
42
Let c(a) = a**3 + 7*a**2 + 8*a + 5. What is c(-6)?
-7
Let n(g) = -8*g**2 - 18*g - 2. Give n(-2).
2
Let m(u) = -u**3 - 12*u**2 - 13*u - 63. Calculate m(-11).
-41
Let a(z) = z**2 - 50*z + 485. Determine a(37).
4
Let b(u) = -2*u + 1. Give b(1).
-1
Let i(n) = 4*n + 65. What is i(-19)?
-11
Let j(k) = -k**3 + 2*k**2 + 3*k + 4. Calculate j(4).
-16
Let w(f) = 13*f - 55. Determine w(6).
23
Let j(u) = -u**3 - 7*u**2 + 3*u + 9. Determine j(4).
-155
Let v(z) = -z**3 - 18*z**2 + 16*z - 38. Determine v(-19).
19
Let g(j) = -j**2 + 14*j + 67. Determine g(18).
-5
Let n(z) = -z**2 + 10*z + 2. What is n(9)?
11
Let w(j) = 3*j + 3. Determine w(0).
3
Let u(d) = -d**3 + 10*d**2 - 19*d + 18. Calculate u(9).
-72
Let n(r) = r**3 - 4*r**2 + 2*r + 8. Determine n(5).
43
Let j(w) = w**3 + 11*w**2 + 2*w + 2. Give j(-11).
-20
Let b(r) = r**2 + 6*r + 3. Calculate b(0).
3
Let f(n) = n**2 + 2*n - 27. Calculate f(-9).
36
Let j(d) = -80*d - 1. Determine j(1).
-81
Let r(h) = h**2 + 12*h - 147. Give r(8).
13
Let r(c) = -c**3 + 10*c**2 - 10*c + 11. Determine r(9).
